571 a prime number?
True
Is 115902731 prime?
False
Is 8760887 composite?
True
Is 77284783 a prime number?
False
Is 19585393 a composite number?
True
Is 216863767 a prime number?
True
Is 2790673 a prime number?
True
Is 1508197 prime?
True
Is 17415835 a composite number?
True
Is 11431379 prime?
False
Is 408635 composite?
True
Is 5731519 prime?
True
Is 345305 composite?
True
Is 11335423 composite?
True
Is 236909191 a prime number?
True
Is 4499159 a composite number?
True
Is 493214261 a prime number?
True
Is 44435609 prime?
False
Is 9293237 prime?
False
Is 54996901 prime?
False
Is 1813007 a prime number?
False
Is 14075197 prime?
False
Is 210437 a composite number?
False
Is 179239 prime?
False
Is 776389 a composite number?
False
Is 20330117 prime?
True
Is 182760607 prime?
True
Is 1075615 a prime number?
False
Is 1184747 composite?
True
Is 24528193 a prime number?
True
Is 1293353 composite?
True
Is 373539869 prime?
True
Is 66682019 prime?
True
Is 73380089 prime?
True
Is 14501027 a composite number?
False
Is 57672649 prime?
True
Is 344280113 composite?
False
Is 118002907 prime?
False
Is 23175647 a prime number?
False
Is 40981987 a prime number?
True
Is 5386897 composite?
True
Is 12514481 composite?
True
Is 11045941 a composite number?
True
Is 10665937 composite?
True
Is 4860679 composite?
False
Is 33574661 a prime number?
True
Is 2499311 a composite number?
False
Is 17036203 prime?
True
Is 12900547 prime?
False
Is 9191771 prime?
True
Is 459540307 composite?
False
Is 13898987 a prime number?
True
Is 329179883 prime?
False
Is 589867 composite?
True
Is 6948569 prime?
True
Is 24811081 a composite number?
True
Is 55096529 a composite number?
True
Is 1280947 composite?
False
Is 93308181 prime?
False
Is 115858549 composite?
False
Is 1521853 prime?
True
Is 89681507 composite?
True
Is 20569363 prime?
False
Is 634760507 a prime number?
False
Is 94538 a composite number?
True
Is 13964479 a prime number?
False
Is 94355318 prime?
False
Is 46194313 composite?
True
Is 392948369 prime?
False
Is 7674269 a prime number?
True
Is 460477 composite?
False
Is 37277635 a prime number?
False
Is 7457197 a composite number?
True
Is 236347 prime?
False
Is 2082007 composite?
True
Is 6609677 composite?
True
Is 6551117 composite?
False
Is 4516223 a prime number?
False
Is 202611 a composite number?
True
Is 13566071 a composite number?
False
Is 47216161 composite?
False
Is 33474923 a prime number?
True
Is 12388043 a prime number?
False
Is 7210171 a prime number?
False
Is 21868741 a prime number?
False
Is 1675181 prime?
True
Is 317117 prime?
False
Is 81361333 a composite number?
True
Is 283409 prime?
False
Is 8859889 composite?
False
Is 271409 composite?
False
Is 6501149 composite?
False
Is 5203039 a prime number?
True
Is 39435803 prime?
False
Is 310884911 prime?
True
Is 11320403 a prime number?
True
Is 10392518 a prime number?
False
Is 176401087 prime?
True
Is 3915467 composite?
True
Is 20698933 composite?
False
Is 72687083 prime?
False
Is 74878897 composite?
True
Is 8020541 a prime number?
False
Is 22151159 a prime number?
True
Is 2163653 a composite number?
False
Is 2583419 a prime number?
True
Is 4289 a prime number?
True
Is 20289337 composite?
False
Is 216726271 a prime number?
True
Is 16183723 a composite number?
False
Is 301061021 a composite number?
True
Is 203003261 a prime number?
True
Is 12802897 a composite number?
False
Is 556229 a composite number?
False
Is 49367165 a prime number?
False
Is 38420035 composite?
True
Is 3259513 prime?
False
Is 180246082 a prime number?
False
Is 4427681 composite?
False
Is 112349579 composite?
False
Is 61202341 a prime number?
True
Is 893911 a composite number?
True
Is 19629893 prime?
False
Is 60874507 a prime number?
False
Is 18696071 composite?
True
Is 32293091 composite?
False
Is 20855551 a prime number?
False
Is 8184221 prime?
True
Is 1202689 a composite number?
False
Is 85116989 a prime number?
True
Is 2496973 a prime number?
True
Is 73762661 a prime number?
False
Is 6811793 a composite number?
True
Is 9751969 a composite number?
False
Is 19975931 composite?
False
Is 1259359 prime?
False
Is 10863883 prime?
True
Is 78822631 composite?
False
Is 98890733 a prime number?
True
Is 955221 prime?
False
Is 4351187 a composite number?
False
Is 9069793 prime?
True
Is 132987727 a composite number?
False
Is 163599097 a prime number?
False
Is 54118613 a composite number?
False
Is 60767326 a prime number?
False
Is 228221 prime?
False
Is 1818478 prime?
False
Is 68874569 composite?
False
Is 16935203 a prime number?
False
Is 13939411 composite?
False
Is 1886021 a prime number?
True
Is 17745757 a composite number?
False
Is 1007021 prime?
True
Is 23218805 composite?
True
Is 1230458 composite?
True
Is 17188727 composite?
False
Is 11817317 composite?
True
Is 33801419 prime?
True
Is 92841863 prime?
False
Is 8720671 a composite number?
False
Is 93150149 a composite number?
False
Is 178427453 prime?
False
Is 14855803 a composite number?
False
Is 160494683 a prime number?
False
Is 8786851 prime?
False
Is 2158259 prime?
True
Is 3536627 composite?
False
Is 7820479 composite?
False
Is 630779 composite?
True
Is 3852627 composite?
True
Is 3113731 a composite number?
True
Is 1817909 a prime number?
True
Is 4932457 a prime number?
False
Is 626509 a composite number?
True
Is 16874219 a composite number?
True
Is 15850099 prime?
False
Is 209416099 prime?
True
Is 77743 composite?
False
Is 10159321 composite?
True
Is 6688723 a composite number?
False
Is 17257151 composite?
False
Is 24153967 a prime number?
False
Is 26688751 a composite number?
False
Is 106277323 a prime number?
True
Is 6140521 composite?
False
Is 23513293 composite?
False
Is 4333151 a prime number?
False
Is 53581657 composite?
False
Is 1143013 prime?
True
Is 1024105 composite?
True
Is 110097149 a prime number?
True
Is 38602903 a composite number?
True
Is 5668094 prime?
False
Is 28725071 prime?
True
Is 4553247 prime?
False
Is 467150279 a prime number?
True
Is 6868991 composite?
False
Is 9393553 a composite number?
True
Is 83273579 a prime number?
False
Is 66380813 a prime number?
False
Is 26537531 a prime number?
False
Is 242970331 a prime number?
False
Is 7985641 a composite number?
False
Is 15862109 prime?
True
Is 26651649 a prime number?
False
Is 31178489 a composite number?
False
Is 127648135 a composite number?
True
Is 88773173 composite?
False
Is 28111011 composite?
True
Is 2058373 prime?
True
Is 188391031 prime?
True
Is 47673467 prime?
True
Is 25913933 a composite number?
True
Is 1144837 a composite number?
False
Is 179790049 prime?
False
Is 5943773 a composite number?
True
Is 223919999 a composite number?
False
Is 5647307 prime?
True
Is 16173143 a prime number?
False
Is 1065587 a composite number?
True
Is 9780731 a composite number?
False
Is 453364883 prime?
True
Is 30080438 a composite number?
True
Is 200647927 a composite number?
False
Is 2227291 a composite number?
True
Is 272266997 composite?
True
Is 89202961 a composite number?
True
Is 15719141 composite?
True
Is 317567 a prime number?
False
Is 17345969 prime?
True
Is 1117967 prime?
True
Is 33157 a composite number?
True
Is 327852431 a prime number?
True
Is 1705549 a prime number?
True
Is 186798563 composite?
True
Is 491075171 a composite number?
False
Is 20897971 a composite number?
True
Is 17770829 prime?
True
Is 4790339 a prime number?
True
Is 60045659 a composite number?
True
Is 36598285 a composite number?
True
Is 2781683 a prime number?
True
Is 49431611 a prime number?
True
Is 12940801 a prime number?
False
Is 6280139 composite?
False
Is 855859 a composite number?
True
Is 1699829 a composite number?
False
Is 11941981 a composite number?
False
Is 223351889 prime?
True
Is 2024681 composite?
True
Is 36054197 a prime number?
True
Is 911323493 a composite number?
True
Is 2125517 prime?
True
Is 198754297 composite?
True
Is 24229181 prime?
False
Is 709367 a prime number?
False
Is 9689009 prime?
False
Is 47258891 a prime number?
True
Is 12039173 prime?
True
Is 128563 prime?
True
Is 310344487 a composite number?
False
Is 5991551 prime?
True
Is 28875683 prime?
True
Is 2873897 prime?
False
Is 28928891 prime?
True
Is 10173587 a prime number?
True
Is 5294911 a prime number?
True
Is 55464089 prime?
False
Is 79810007 a composite number?
False
Is 1